{"id":8940,"date":"2024-11-10T11:34:21","date_gmt":"2024-11-10T09:34:21","guid":{"rendered":"https:\/\/lichtfaden.ch\/?page_id=8940"},"modified":"2024-11-12T22:23:09","modified_gmt":"2024-11-12T20:23:09","slug":"natuerlich-klang","status":"publish","type":"page","link":"https:\/\/lichtfaden.ch\/index.php\/angebote\/natuerlich-klang\/","title":{"rendered":"Nat\u00fcrlich.Klang"},"content":{"rendered":"<p style=\"text-align: left;\"><img data-recalc-dims=\"1\" loading=\"lazy\" decoding=\"async\" class=\"size-medium wp-image-8941 alignleft\" src=\"https:\/\/i0.wp.com\/lichtfaden.ch\/wp-content\/uploads\/2024\/11\/Natuerlich.Klang-Web.jpg?resize=260%2C300&#038;ssl=1\" alt=\"\" width=\"260\" height=\"300\" srcset=\"https:\/\/i0.wp.com\/lichtfaden.ch\/wp-content\/uploads\/2024\/11\/Natuerlich.Klang-Web.jpg?resize=260%2C300&amp;ssl=1 260w, https:\/\/i0.wp.com\/lichtfaden.ch\/wp-content\/uploads\/2024\/11\/Natuerlich.Klang-Web.jpg?resize=887%2C1024&amp;ssl=1 887w, https:\/\/i0.wp.com\/lichtfaden.ch\/wp-content\/uploads\/2024\/11\/Natuerlich.Klang-Web.jpg?resize=768%2C887&amp;ssl=1 768w, https:\/\/i0.wp.com\/lichtfaden.ch\/wp-content\/uploads\/2024\/11\/Natuerlich.Klang-Web.jpg?resize=1330%2C1536&amp;ssl=1 1330w, https:\/\/i0.wp.com\/lichtfaden.ch\/wp-content\/uploads\/2024\/11\/Natuerlich.Klang-Web.jpg?resize=130%2C150&amp;ssl=1 130w, https:\/\/i0.wp.com\/lichtfaden.ch\/wp-content\/uploads\/2024\/11\/Natuerlich.Klang-Web.jpg?resize=600%2C693&amp;ssl=1 600w, https:\/\/i0.wp.com\/lichtfaden.ch\/wp-content\/uploads\/2024\/11\/Natuerlich.Klang-Web.jpg?w=1576&amp;ssl=1 1576w\" sizes=\"auto, (max-width: 260px) 100vw, 260px\" \/>Nat\u00fcrlich.Klang ist eine Formation mit Reto Schl\u00e4ppi und Peter Siegrist. Unser Ziel ist es, Ur-Kl\u00e4ng mit einfachen Instrumenten, in zum Teil erstmaligen Kombinationen, zum klingen zu bringen.<\/p>\n<p>Die Kompositionen entstehen im Moment und sind verg\u00e4nglich. Eine genau gleich Wiedergabe von mal zu mal ist schier unm\u00f6glich. Musik und Klang sind Gef\u00fchle, Momentaufnahmen und folgen hier keiner &#8222;komponierten&#8220; Struktur.<\/p>\n<p>Lasst Euch verzaubern und motivieren um selber zu klingen&#8230;<\/p>\n<p>Die folgenden St\u00fccke sind von einem Livekonzert in der Kirche Guttannen. Alles ist frei iprovisiert.<\/p>\n<p>&nbsp;<\/p>\n<p>&nbsp;<\/p>\n<p>&#8222;Monob\u00fcchel&#8220; (Monochord und B\u00fcchel)<\/p>\n<!--[if lt IE 9]><script>document.createElement('audio');<\/script><![endif]-->\n<audio class=\"wp-audio-shortcode\" id=\"audio-8940-1\" preload=\"none\" style=\"width: 100%;\" controls=\"controls\"><source type=\"audio\/mpeg\" src=\"https:\/\/lichtfaden.ch\/wp-content\/uploads\/2024\/11\/Monobuechel.mp3?_=1\" \/><a href=\"https:\/\/lichtfaden.ch\/wp-content\/uploads\/2024\/11\/Monobuechel.mp3\">https:\/\/lichtfaden.ch\/wp-content\/uploads\/2024\/11\/Monobuechel.mp3<\/a><\/audio>\n<p>&nbsp;<\/p>\n<p>&#8222;L\u00f6ffelsuppe&#8220; (eine kecke Kombi mit Mundharmonika, Trommel und Holzl\u00f6ffel)<\/p>\n<audio class=\"wp-audio-shortcode\" id=\"audio-8940-2\" preload=\"none\" style=\"width: 100%;\" controls=\"controls\"><source type=\"audio\/mpeg\" src=\"https:\/\/lichtfaden.ch\/wp-content\/uploads\/2024\/11\/Loeffelsuppe.mp3?_=2\" \/><a href=\"https:\/\/lichtfaden.ch\/wp-content\/uploads\/2024\/11\/Loeffelsuppe.mp3\">https:\/\/lichtfaden.ch\/wp-content\/uploads\/2024\/11\/Loeffelsuppe.mp3<\/a><\/audio>\n<p>&nbsp;<\/p>\n<p>&#8222;Didgsteine&#8220; (Didgeridoo und Klangsteine)<\/p>\n<audio class=\"wp-audio-shortcode\" id=\"audio-8940-3\" preload=\"none\" style=\"width: 100%;\" controls=\"controls\"><source type=\"audio\/mpeg\" src=\"https:\/\/lichtfaden.ch\/wp-content\/uploads\/2024\/11\/Didgstein.mp3?_=3\" \/><a href=\"https:\/\/lichtfaden.ch\/wp-content\/uploads\/2024\/11\/Didgstein.mp3\">https:\/\/lichtfaden.ch\/wp-content\/uploads\/2024\/11\/Didgstein.mp3<\/a><\/audio>\n<p>&nbsp;<\/p>\n<p>&#8222;Bukkedrum&#8220; (Bukkehorn; Trommel und Shruti Box)<\/p>\n<audio class=\"wp-audio-shortcode\" id=\"audio-8940-4\" preload=\"none\" style=\"width: 100%;\" controls=\"controls\"><source type=\"audio\/mpeg\" src=\"https:\/\/lichtfaden.ch\/wp-content\/uploads\/2024\/11\/Bukkehorn.mp3?_=4\" \/><a href=\"https:\/\/lichtfaden.ch\/wp-content\/uploads\/2024\/11\/Bukkehorn.mp3\">https:\/\/lichtfaden.ch\/wp-content\/uploads\/2024\/11\/Bukkehorn.mp3<\/a><\/audio>\n<p>&nbsp;<\/p>\n<p>&#8222;Fujaraharpa&#8220; (Fujara und Maultrommel)<\/p>\n<audio class=\"wp-audio-shortcode\" id=\"audio-8940-5\" preload=\"none\" style=\"width: 100%;\" controls=\"controls\"><source type=\"audio\/mpeg\" src=\"https:\/\/lichtfaden.ch\/wp-content\/uploads\/2024\/11\/Fujara.mp3?_=5\" \/><a href=\"https:\/\/lichtfaden.ch\/wp-content\/uploads\/2024\/11\/Fujara.mp3\">https:\/\/lichtfaden.ch\/wp-content\/uploads\/2024\/11\/Fujara.mp3<\/a><\/audio>\n<p>&nbsp;<\/p>\n<div style=\"width: 480px;\" class=\"wp-video\"><!--[if lt IE 9]><script>document.createElement('video');<\/script><![endif]-->\n<video class=\"wp-video-shortcode\" id=\"video-8940-1\" width=\"480\" height=\"848\" preload=\"metadata\" controls=\"controls\"><source type=\"video\/mp4\" src=\"https:\/\/lichtfaden.ch\/wp-content\/uploads\/2024\/11\/Aufnahme_LS.mp4?_=1\" \/><a href=\"https:\/\/lichtfaden.ch\/wp-content\/uploads\/2024\/11\/Aufnahme_LS.mp4\">https:\/\/lichtfaden.ch\/wp-content\/uploads\/2024\/11\/Aufnahme_LS.mp4<\/a><\/video><\/div>\n","protected":false},"excerpt":{"rendered":"<p>Nat\u00fcrlich.Klang ist eine Formation mit Reto Schl\u00e4ppi und Peter Siegrist. Unser Ziel ist es, Ur-Kl\u00e4ng mit einfachen Instrumenten, in zum Teil erstmaligen Kombinationen, zum klingen zu bringen. Die Kompositionen entstehen im Moment und sind verg\u00e4nglich. Eine genau gleich Wiedergabe von mal zu mal ist schier unm\u00f6glich. Musik und Klang sind&#8230;<\/p>\n<p> <a class=\"continue-reading-link\" href=\"https:\/\/lichtfaden.ch\/index.php\/angebote\/natuerlich-klang\/\"><span>Continue reading<\/span><i class=\"crycon-right-dir\"><\/i><\/a> <\/p>\n","protected":false},"author":1,"featured_media":0,"parent":76,"menu_order":0,"comment_status":"closed","ping_status":"closed","template":"","meta":{"footnotes":""},"class_list":["post-8940","page","type-page","status-publish","hentry"],"jetpack_sharing_enabled":true,"_links":{"self":[{"href":"https:\/\/lichtfaden.ch\/index.php\/wp-json\/wp\/v2\/pages\/8940","targetHints":{"allow":["GET"]}}],"collection":[{"href":"https:\/\/lichtfaden.ch\/index.php\/wp-json\/wp\/v2\/pages"}],"about":[{"href":"https:\/\/lichtfaden.ch\/index.php\/wp-json\/wp\/v2\/types\/page"}],"author":[{"embeddable":true,"href":"https:\/\/lichtfaden.ch\/index.php\/wp-json\/wp\/v2\/users\/1"}],"replies":[{"embeddable":true,"href":"https:\/\/lichtfaden.ch\/index.php\/wp-json\/wp\/v2\/comments?post=8940"}],"version-history":[{"count":10,"href":"https:\/\/lichtfaden.ch\/index.php\/wp-json\/wp\/v2\/pages\/8940\/revisions"}],"predecessor-version":[{"id":8950,"href":"https:\/\/lichtfaden.ch\/index.php\/wp-json\/wp\/v2\/pages\/8940\/revisions\/8950"}],"up":[{"embeddable":true,"href":"https:\/\/lichtfaden.ch\/index.php\/wp-json\/wp\/v2\/pages\/76"}],"wp:attachment":[{"href":"https:\/\/lichtfaden.ch\/index.php\/wp-json\/wp\/v2\/media?parent=8940"}],"curies":[{"name":"wp","href":"https:\/\/api.w.org\/{rel}","templated":true}]}}

Natürlich.Klang

<p style="text-align: left;"><img data-recalc-dims="1" loading="lazy" decoding="async" class="size-medium wp-image-8941 alignleft" src="https://i0.wp.com/lichtfaden.ch/wp-content/uploads/2024/11/Natuerlich.Klang-Web.jpg?resize=260%2C300&#038;ssl=1" alt="" width="260" height="300" srcset="https://i0.wp.com/lichtfaden.ch/wp-content/uploads/2024/11/Natuerlich.Klang-Web.jpg?resize=260%2C300&amp;ssl=1 260w, https://i0.wp.com/lichtfaden.ch/wp-content/uploads/2024/11/Natuerlich.Klang-Web.jpg?resize=887%2C1024&amp;ssl=1 887w, https://i0.wp.com/lichtfaden.ch/wp-content/uploads/2024/11/Natuerlich.Klang-Web.jpg?resize=768%2C887&amp;ssl=1 768w, https://i0.wp.com/lichtfaden.ch/wp-content/uploads/2024/11/Natuerlich.Klang-Web.jpg?resize=1330%2C1536&amp;ssl=1 1330w, https://i0.wp.com/lichtfaden.ch/wp-content/uploads/2024/11/Natuerlich.Klang-Web.jpg?resize=130%2C150&amp;ssl=1 130w, https://i0.wp.com/lichtfaden.ch/wp-content/uploads/2024/11/Natuerlich.Klang-Web.jpg?resize=600%2C693&amp;ssl=1 600w, https://i0.wp.com/lichtfaden.ch/wp-content/uploads/2024/11/Natuerlich.Klang-Web.jpg?w=1576&amp;ssl=1 1576w" sizes="auto, (max-width: 260px) 100vw, 260px" />Natürlich.Klang ist eine Formation mit Reto Schläppi und Peter Siegrist. Unser Ziel ist es, Ur-Kläng mit einfachen Instrumenten, in zum Teil erstmaligen Kombinationen, zum klingen zu bringen.</p>
<p>Die Kompositionen entstehen im Moment und sind vergänglich. Eine genau gleich Wiedergabe von mal zu mal ist schier unmöglich. Musik und Klang sind Gefühle, Momentaufnahmen und folgen hier keiner &#8222;komponierten&#8220; Struktur.</p>
<p>Lasst Euch verzaubern und motivieren um selber zu klingen&#8230;</p>
<p>Die folgenden Stücke sind von einem Livekonzert in der Kirche Guttannen. Alles ist frei iprovisiert.</p>
<p>&nbsp;</p>
<p>&nbsp;</p>
<p>&#8222;Monobüchel&#8220; (Monochord und Büchel)</p>
<!--[if lt IE 9]><script>document.createElement('audio');</script><![endif]-->
<audio class="wp-audio-shortcode" id="audio-8940-1" preload="none" style="width: 100%;" controls="controls"><source type="audio/mpeg" src="https://lichtfaden.ch/wp-content/uploads/2024/11/Monobuechel.mp3?_=1" /><a href="https://lichtfaden.ch/wp-content/uploads/2024/11/Monobuechel.mp3">https://lichtfaden.ch/wp-content/uploads/2024/11/Monobuechel.mp3</a></audio>
<p>&nbsp;</p>
<p>&#8222;Löffelsuppe&#8220; (eine kecke Kombi mit Mundharmonika, Trommel und Holzlöffel)</p>
<audio class="wp-audio-shortcode" id="audio-8940-2" preload="none" style="width: 100%;" controls="controls"><source type="audio/mpeg" src="https://lichtfaden.ch/wp-content/uploads/2024/11/Loeffelsuppe.mp3?_=2" /><a href="https://lichtfaden.ch/wp-content/uploads/2024/11/Loeffelsuppe.mp3">https://lichtfaden.ch/wp-content/uploads/2024/11/Loeffelsuppe.mp3</a></audio>
<p>&nbsp;</p>
<p>&#8222;Didgsteine&#8220; (Didgeridoo und Klangsteine)</p>
<audio class="wp-audio-shortcode" id="audio-8940-3" preload="none" style="width: 100%;" controls="controls"><source type="audio/mpeg" src="https://lichtfaden.ch/wp-content/uploads/2024/11/Didgstein.mp3?_=3" /><a href="https://lichtfaden.ch/wp-content/uploads/2024/11/Didgstein.mp3">https://lichtfaden.ch/wp-content/uploads/2024/11/Didgstein.mp3</a></audio>
<p>&nbsp;</p>
<p>&#8222;Bukkedrum&#8220; (Bukkehorn; Trommel und Shruti Box)</p>
<audio class="wp-audio-shortcode" id="audio-8940-4" preload="none" style="width: 100%;" controls="controls"><source type="audio/mpeg" src="https://lichtfaden.ch/wp-content/uploads/2024/11/Bukkehorn.mp3?_=4" /><a href="https://lichtfaden.ch/wp-content/uploads/2024/11/Bukkehorn.mp3">https://lichtfaden.ch/wp-content/uploads/2024/11/Bukkehorn.mp3</a></audio>
<p>&nbsp;</p>
<p>&#8222;Fujaraharpa&#8220; (Fujara und Maultrommel)</p>
<audio class="wp-audio-shortcode" id="audio-8940-5" preload="none" style="width: 100%;" controls="controls"><source type="audio/mpeg" src="https://lichtfaden.ch/wp-content/uploads/2024/11/Fujara.mp3?_=5" /><a href="https://lichtfaden.ch/wp-content/uploads/2024/11/Fujara.mp3">https://lichtfaden.ch/wp-content/uploads/2024/11/Fujara.mp3</a></audio>
<p>&nbsp;</p>
<div style="width: 480px;" class="wp-video"><!--[if lt IE 9]><script>document.createElement('video');</script><![endif]-->
<video class="wp-video-shortcode" id="video-8940-1" width="480" height="848" preload="metadata" controls="controls"><source type="video/mp4" src="https://lichtfaden.ch/wp-content/uploads/2024/11/Aufnahme_LS.mp4?_=1" /><a href="https://lichtfaden.ch/wp-content/uploads/2024/11/Aufnahme_LS.mp4">https://lichtfaden.ch/wp-content/uploads/2024/11/Aufnahme_LS.mp4</a></video></div>

<p>Natürlich.Klang ist eine Formation mit Reto Schläppi und Peter Siegrist. Unser Ziel ist es, Ur-Kläng mit einfachen Instrumenten, in zum Teil erstmaligen Kombinationen, zum klingen zu bringen. Die Kompositionen entstehen im Moment und sind vergänglich. Eine genau gleich Wiedergabe von mal zu mal ist schier unmöglich. Musik und Klang sind&#8230;</p>
<p> <a class="continue-reading-link" href="https://lichtfaden.ch/index.php/angebote/natuerlich-klang/"><span>Continue reading</span><i class="crycon-right-dir"></i></a> </p>
