{"id":79,"date":"2020-01-15T19:08:29","date_gmt":"2020-01-15T19:08:29","guid":{"rendered":"https:\/\/lichtfaden.ch\/?page_id=79"},"modified":"2023-03-24T18:00:52","modified_gmt":"2023-03-24T16:00:52","slug":"homemade-homeschool","status":"publish","type":"page","link":"https:\/\/lichtfaden.ch\/index.php\/homemade-homeschool\/","title":{"rendered":"Homemade-Homeschool"},"content":{"rendered":"<p id=\"post-body-3416315515695945302\" class=\"post-body entry-content\">Seit dem Fr\u00fchjahr 2019 gehen unsere zwei j\u00fcngsten Kinder (12 und 16 Jahre) zu Hause zur Schule. Der \u00c4lteste hat im Sommer 2021 die obligatorische Schulzeit beendet.<br \/>\nIn der Schweiz ist es in einigen Kantonen erlaubt, seine Kinder selber zu unterrichten. So ist es uns m\u00f6glich unsere Kinder ganz individuell nach ihren eigenen Bed\u00fcrfnissen auf ihrem Lernweg zu begleiten.<\/p>\n<p>Als Homeschooler m\u00fcssen wir uns nat\u00fcrlich auch an den offiziellen Lehrplan halten und somit auch an einige obligatorische Lehrmittel. Die Lehrmittel m\u00fcssen wir alle selber finanzieren. Nebst den offiziellen Lehrmitteln brauchen wir auch noch die frei gew\u00e4hlten Lehrmittel und einiges an Verbrauchsmaterial wie Farben, Leim, Papier, Gummis und vieles mehr. Auch die Materialien die wir f\u00fcr den Kreativunterricht brauchen, Exkursionskosten oder Zusatzmaterialien f\u00fcr den Unterricht bezahlen wir alle selber.<\/p>\n<p>Das ist nicht ganz g\u00fcnstig und so haben wir uns \u00fcberlegt am Weihnachtsmarkt in Matten an einem Stand Sch\u00e4tze zu verkaufen die wir im Kreativunterricht selber hergestellt haben.<\/p>\n<p>Gedacht, getan&#8230; so entstanden viele Kinderkissen bef\u00fcllt mit Dinkelspreu, W\u00e4rmekissen mit Traubenkernen, kleine und grosse Taschen, Kr\u00e4utersalze und einige andere Dinge. So konnten wir einen Bazen f\u00fcr die Klassenkasse verdienen und lernten dabei ganz viele Dinge!<\/p>\n<p>&nbsp;<\/p>\n<p><img data-recalc-dims=\"1\" loading=\"lazy\" decoding=\"async\" class=\"size-medium wp-image-157 alignnone\" src=\"https:\/\/i0.wp.com\/lichtfaden.ch\/wp-content\/uploads\/2020\/01\/82283709_10218238327766890_7982025307471216640_o.jpg?resize=300%2C169&#038;ssl=1\" alt=\"\" width=\"300\" height=\"169\" srcset=\"https:\/\/i0.wp.com\/lichtfaden.ch\/wp-content\/uploads\/2020\/01\/82283709_10218238327766890_7982025307471216640_o.jpg?resize=300%2C169&amp;ssl=1 300w, https:\/\/i0.wp.com\/lichtfaden.ch\/wp-content\/uploads\/2020\/01\/82283709_10218238327766890_7982025307471216640_o.jpg?resize=600%2C338&amp;ssl=1 600w, https:\/\/i0.wp.com\/lichtfaden.ch\/wp-content\/uploads\/2020\/01\/82283709_10218238327766890_7982025307471216640_o.jpg?resize=1024%2C576&amp;ssl=1 1024w, https:\/\/i0.wp.com\/lichtfaden.ch\/wp-content\/uploads\/2020\/01\/82283709_10218238327766890_7982025307471216640_o.jpg?resize=768%2C432&amp;ssl=1 768w, https:\/\/i0.wp.com\/lichtfaden.ch\/wp-content\/uploads\/2020\/01\/82283709_10218238327766890_7982025307471216640_o.jpg?resize=1536%2C864&amp;ssl=1 1536w, https:\/\/i0.wp.com\/lichtfaden.ch\/wp-content\/uploads\/2020\/01\/82283709_10218238327766890_7982025307471216640_o.jpg?resize=150%2C84&amp;ssl=1 150w, https:\/\/i0.wp.com\/lichtfaden.ch\/wp-content\/uploads\/2020\/01\/82283709_10218238327766890_7982025307471216640_o.jpg?w=2048&amp;ssl=1 2048w, https:\/\/i0.wp.com\/lichtfaden.ch\/wp-content\/uploads\/2020\/01\/82283709_10218238327766890_7982025307471216640_o.jpg?w=1800&amp;ssl=1 1800w\" sizes=\"auto, (max-width: 300px) 100vw, 300px\" \/><img data-recalc-dims=\"1\" loading=\"lazy\" decoding=\"async\" class=\"size-medium wp-image-158 alignnone\" src=\"https:\/\/i0.wp.com\/lichtfaden.ch\/wp-content\/uploads\/2020\/01\/70085317_10217151815124753_3573062346710450176_o.jpg?resize=169%2C300&#038;ssl=1\" alt=\"\" width=\"169\" height=\"300\" srcset=\"https:\/\/i0.wp.com\/lichtfaden.ch\/wp-content\/uploads\/2020\/01\/70085317_10217151815124753_3573062346710450176_o.jpg?resize=169%2C300&amp;ssl=1 169w, https:\/\/i0.wp.com\/lichtfaden.ch\/wp-content\/uploads\/2020\/01\/70085317_10217151815124753_3573062346710450176_o.jpg?resize=84%2C150&amp;ssl=1 84w, https:\/\/i0.wp.com\/lichtfaden.ch\/wp-content\/uploads\/2020\/01\/70085317_10217151815124753_3573062346710450176_o.jpg?w=540&amp;ssl=1 540w\" sizes=\"auto, (max-width: 169px) 100vw, 169px\" \/><img data-recalc-dims=\"1\" loading=\"lazy\" decoding=\"async\" class=\"alignnone size-medium wp-image-159\" src=\"https:\/\/i0.wp.com\/lichtfaden.ch\/wp-content\/uploads\/2020\/01\/82099098_10218238318286653_7943540064036847616_o.jpg?resize=300%2C169&#038;ssl=1\" alt=\"\" width=\"300\" height=\"169\" srcset=\"https:\/\/i0.wp.com\/lichtfaden.ch\/wp-content\/uploads\/2020\/01\/82099098_10218238318286653_7943540064036847616_o.jpg?resize=300%2C169&amp;ssl=1 300w, https:\/\/i0.wp.com\/lichtfaden.ch\/wp-content\/uploads\/2020\/01\/82099098_10218238318286653_7943540064036847616_o.jpg?resize=600%2C338&amp;ssl=1 600w, https:\/\/i0.wp.com\/lichtfaden.ch\/wp-content\/uploads\/2020\/01\/82099098_10218238318286653_7943540064036847616_o.jpg?resize=1024%2C576&amp;ssl=1 1024w, https:\/\/i0.wp.com\/lichtfaden.ch\/wp-content\/uploads\/2020\/01\/82099098_10218238318286653_7943540064036847616_o.jpg?resize=768%2C432&amp;ssl=1 768w, https:\/\/i0.wp.com\/lichtfaden.ch\/wp-content\/uploads\/2020\/01\/82099098_10218238318286653_7943540064036847616_o.jpg?resize=1536%2C864&amp;ssl=1 1536w, https:\/\/i0.wp.com\/lichtfaden.ch\/wp-content\/uploads\/2020\/01\/82099098_10218238318286653_7943540064036847616_o.jpg?resize=150%2C84&amp;ssl=1 150w, https:\/\/i0.wp.com\/lichtfaden.ch\/wp-content\/uploads\/2020\/01\/82099098_10218238318286653_7943540064036847616_o.jpg?w=2048&amp;ssl=1 2048w, https:\/\/i0.wp.com\/lichtfaden.ch\/wp-content\/uploads\/2020\/01\/82099098_10218238318286653_7943540064036847616_o.jpg?w=1800&amp;ssl=1 1800w\" sizes=\"auto, (max-width: 300px) 100vw, 300px\" \/><img data-recalc-dims=\"1\" loading=\"lazy\" decoding=\"async\" class=\"size-medium wp-image-156 alignnone\" src=\"https:\/\/i0.wp.com\/lichtfaden.ch\/wp-content\/uploads\/2020\/01\/82192689_10218238329166925_1784458417843208192_o.jpg?resize=169%2C300&#038;ssl=1\" alt=\"\" width=\"169\" height=\"300\" srcset=\"https:\/\/i0.wp.com\/lichtfaden.ch\/wp-content\/uploads\/2020\/01\/82192689_10218238329166925_1784458417843208192_o.jpg?resize=169%2C300&amp;ssl=1 169w, https:\/\/i0.wp.com\/lichtfaden.ch\/wp-content\/uploads\/2020\/01\/82192689_10218238329166925_1784458417843208192_o.jpg?resize=84%2C150&amp;ssl=1 84w, https:\/\/i0.wp.com\/lichtfaden.ch\/wp-content\/uploads\/2020\/01\/82192689_10218238329166925_1784458417843208192_o.jpg?w=540&amp;ssl=1 540w\" sizes=\"auto, (max-width: 169px) 100vw, 169px\" \/><img data-recalc-dims=\"1\" loading=\"lazy\" decoding=\"async\" class=\"size-medium wp-image-164 alignnone\" src=\"https:\/\/i0.wp.com\/lichtfaden.ch\/wp-content\/uploads\/2020\/01\/79705919_10217866668835649_5091204234964107264_o.jpg?resize=300%2C169&#038;ssl=1\" alt=\"\" width=\"300\" height=\"169\" srcset=\"https:\/\/i0.wp.com\/lichtfaden.ch\/wp-content\/uploads\/2020\/01\/79705919_10217866668835649_5091204234964107264_o.jpg?resize=300%2C169&amp;ssl=1 300w, https:\/\/i0.wp.com\/lichtfaden.ch\/wp-content\/uploads\/2020\/01\/79705919_10217866668835649_5091204234964107264_o.jpg?resize=600%2C338&amp;ssl=1 600w, https:\/\/i0.wp.com\/lichtfaden.ch\/wp-content\/uploads\/2020\/01\/79705919_10217866668835649_5091204234964107264_o.jpg?resize=1024%2C576&amp;ssl=1 1024w, https:\/\/i0.wp.com\/lichtfaden.ch\/wp-content\/uploads\/2020\/01\/79705919_10217866668835649_5091204234964107264_o.jpg?resize=768%2C432&amp;ssl=1 768w, https:\/\/i0.wp.com\/lichtfaden.ch\/wp-content\/uploads\/2020\/01\/79705919_10217866668835649_5091204234964107264_o.jpg?resize=1536%2C864&amp;ssl=1 1536w, https:\/\/i0.wp.com\/lichtfaden.ch\/wp-content\/uploads\/2020\/01\/79705919_10217866668835649_5091204234964107264_o.jpg?resize=150%2C84&amp;ssl=1 150w, https:\/\/i0.wp.com\/lichtfaden.ch\/wp-content\/uploads\/2020\/01\/79705919_10217866668835649_5091204234964107264_o.jpg?w=2048&amp;ssl=1 2048w, https:\/\/i0.wp.com\/lichtfaden.ch\/wp-content\/uploads\/2020\/01\/79705919_10217866668835649_5091204234964107264_o.jpg?w=1800&amp;ssl=1 1800w\" sizes=\"auto, (max-width: 300px) 100vw, 300px\" \/><img data-recalc-dims=\"1\" loading=\"lazy\" decoding=\"async\" class=\"size-medium wp-image-165 alignnone\" src=\"https:\/\/i0.wp.com\/lichtfaden.ch\/wp-content\/uploads\/2020\/01\/78735206_10217866674355787_1070655181328220160_o.jpg?resize=169%2C300&#038;ssl=1\" alt=\"\" width=\"169\" height=\"300\" srcset=\"https:\/\/i0.wp.com\/lichtfaden.ch\/wp-content\/uploads\/2020\/01\/78735206_10217866674355787_1070655181328220160_o.jpg?resize=169%2C300&amp;ssl=1 169w, https:\/\/i0.wp.com\/lichtfaden.ch\/wp-content\/uploads\/2020\/01\/78735206_10217866674355787_1070655181328220160_o.jpg?resize=84%2C150&amp;ssl=1 84w, https:\/\/i0.wp.com\/lichtfaden.ch\/wp-content\/uploads\/2020\/01\/78735206_10217866674355787_1070655181328220160_o.jpg?w=540&amp;ssl=1 540w\" sizes=\"auto, (max-width: 169px) 100vw, 169px\" \/><\/p>\n<p>&nbsp;<\/p>\n<p><strong>Bildergalerien:<\/strong><\/p>\n<p><button><a href=\"https:\/\/lichtfaden.ch\/index.php\/handmuehle\/\" target=\"_blank\" rel=\"noopener noreferrer\">Handm\u00fchle<\/a><\/button> <button><a href=\"https:\/\/lichtfaden.ch\/index.php\/homemade-homeschool-schneidebretter\/\" target=\"_blank\" rel=\"noopener\">Schneidebretter<\/a><\/button><button><a href=\"https:\/\/lichtfaden.ch\/index.php\/papierschoepfen\/?preview_id=5142&amp;preview_nonce=79da02caab&amp;_thumbnail_id=-1&amp;preview=true\" target=\"_blank\" rel=\"noopener\">Papiersch\u00f6pfen<\/a><\/button><button><a href=\"https:\/\/lichtfaden.ch\/index.php\/erdmieten\/?preview_id=5158&amp;preview_nonce=38ef9f0525&amp;_thumbnail_id=-1&amp;preview=true\" target=\"_blank\" rel=\"noopener\">Erdmieten<\/a><\/button><\/p>\n","protected":false},"excerpt":{"rendered":"<p>Seit dem Fr\u00fchjahr 2019 gehen unsere zwei j\u00fcngsten Kinder (12 und 16 Jahre) zu Hause zur Schule. Der \u00c4lteste hat im Sommer 2021 die obligatorische Schulzeit beendet. In der Schweiz ist es in einigen Kantonen erlaubt, seine Kinder selber zu unterrichten. So ist es uns m\u00f6glich unsere Kinder ganz individuell&#8230;<\/p>\n<p> <a class=\"continue-reading-link\" href=\"https:\/\/lichtfaden.ch\/index.php\/homemade-homeschool\/\"><span>Continue reading<\/span><i class=\"crycon-right-dir\"><\/i><\/a> <\/p>\n","protected":false},"author":1,"featured_media":0,"parent":0,"menu_order":0,"comment_status":"closed","ping_status":"closed","template":"","meta":{"footnotes":""},"class_list":["post-79","page","type-page","status-publish","hentry"],"jetpack_sharing_enabled":true,"_links":{"self":[{"href":"https:\/\/lichtfaden.ch\/index.php\/wp-json\/wp\/v2\/pages\/79","targetHints":{"allow":["GET"]}}],"collection":[{"href":"https:\/\/lichtfaden.ch\/index.php\/wp-json\/wp\/v2\/pages"}],"about":[{"href":"https:\/\/lichtfaden.ch\/index.php\/wp-json\/wp\/v2\/types\/page"}],"author":[{"embeddable":true,"href":"https:\/\/lichtfaden.ch\/index.php\/wp-json\/wp\/v2\/users\/1"}],"replies":[{"embeddable":true,"href":"https:\/\/lichtfaden.ch\/index.php\/wp-json\/wp\/v2\/comments?post=79"}],"version-history":[{"count":20,"href":"https:\/\/lichtfaden.ch\/index.php\/wp-json\/wp\/v2\/pages\/79\/revisions"}],"predecessor-version":[{"id":8315,"href":"https:\/\/lichtfaden.ch\/index.php\/wp-json\/wp\/v2\/pages\/79\/revisions\/8315"}],"wp:attachment":[{"href":"https:\/\/lichtfaden.ch\/index.php\/wp-json\/wp\/v2\/media?parent=79"}],"curies":[{"name":"wp","href":"https:\/\/api.w.org\/{rel}","templated":true}]}}