{"id":2127,"date":"2020-03-07T12:08:35","date_gmt":"2020-03-07T11:08:35","guid":{"rendered":"https:\/\/lichtfaden.ch\/?page_id=2127"},"modified":"2024-06-05T13:03:58","modified_gmt":"2024-06-05T11:03:58","slug":"links","status":"publish","type":"page","link":"https:\/\/lichtfaden.ch\/index.php\/links\/","title":{"rendered":"Links"},"content":{"rendered":"<p><img data-recalc-dims=\"1\" decoding=\"async\" id=\"cc-m-imagesubtitle-image-7837774386\" class=\"alignleft\" src=\"https:\/\/i0.wp.com\/image.jimcdn.com\/app\/cms\/image\/transf\/dimension%3D199x10000%3Aformat%3Dpng\/path\/sdcba91e9080d9bc6\/image\/i20552827132d95c6\/version\/1708338218\/image.png?w=900&#038;ssl=1\" alt=\"\" data-src-width=\"599\" data-src-height=\"600\" data-src=\"https:\/\/image.jimcdn.com\/app\/cms\/image\/transf\/dimension=199x10000:format=png\/path\/sdcba91e9080d9bc6\/image\/i20552827132d95c6\/version\/1708338218\/image.png\" data-image-id=\"5603563686\" \/><\/p>\n<p>&nbsp;<\/p>\n<p>Reto Schl\u00e4ppi, ein Freund, ein Musikant, ein Mensch mit dem es viele tolle Momente im Leben gibt.<\/p>\n<p>&nbsp;<\/p>\n<p><a href=\"https:\/\/www.alphorner.ch\/\" target=\"_blank\" rel=\"noopener\">https:\/\/www.alphorner.ch\/<\/a><\/p>\n<p>&nbsp;<\/p>\n<p>&nbsp;<\/p>\n<p>&nbsp;<\/p>\n<p><img data-recalc-dims=\"1\" loading=\"lazy\" decoding=\"async\" class=\"n3VNCb alignnone\" src=\"https:\/\/i0.wp.com\/image.jimcdn.com\/app\/cms\/image\/transf\/dimension%3D870x10000%3Aformat%3Djpg\/path\/sd528fdfccef3dc62\/image\/i129e22675bd05427\/version\/1510257787\/image.jpg?resize=839%2C177&#038;ssl=1\" alt=\"Bildergebnis f\u00fcr purpur bioladen\" width=\"839\" height=\"177\" data-noaft=\"1\" \/><\/p>\n<p>Wir bieten biologische Lebensmittel und Kosmetik, viele vegane und glutenfreie Produkte, sch\u00f6ne Geschenkidee, regelm\u00e4ssig (ausser Montag) frisches Brot.<\/p>\n<p><a href=\"https:\/\/www.purpur-interlaken.ch\/\" target=\"_blank\" rel=\"noopener noreferrer\">https:\/\/www.purpur-interlaken.ch\/<\/a><\/p>\n<p>&nbsp;<\/p>\n<p><img data-recalc-dims=\"1\" loading=\"lazy\" decoding=\"async\" class=\"size-medium wp-image-5136 alignleft\" src=\"https:\/\/i0.wp.com\/lichtfaden.ch\/wp-content\/uploads\/2021\/03\/goldener-wind.png?resize=300%2C162&#038;ssl=1\" alt=\"\" width=\"300\" height=\"162\" srcset=\"https:\/\/i0.wp.com\/lichtfaden.ch\/wp-content\/uploads\/2021\/03\/goldener-wind.png?resize=300%2C162&amp;ssl=1 300w, https:\/\/i0.wp.com\/lichtfaden.ch\/wp-content\/uploads\/2021\/03\/goldener-wind.png?resize=150%2C81&amp;ssl=1 150w, https:\/\/i0.wp.com\/lichtfaden.ch\/wp-content\/uploads\/2021\/03\/goldener-wind.png?w=331&amp;ssl=1 331w\" sizes=\"auto, (max-width: 300px) 100vw, 300px\" \/>Eingebettet in eine wundersch\u00f6ne Landschaft mit Blick auf Eiger, M\u00f6nch und Jungfrau, am Rande des alten Dorfkerns von Wilderswil, liegt die Villa Unspunnen. Ein Seminarhaus inmitten eines Parks mit m\u00e4chtigen B\u00e4umen, wo Stille und Begegnung im \u00abGoldenen Wind\u00bb m\u00f6glich ist.<\/p>\n<p><a href=\"https:\/\/www.goldenerwind.ch\/\" target=\"_blank\" rel=\"noopener noreferrer\">https:\/\/www.goldenerwind.ch\/<\/a><\/p>\n<p>&nbsp;<\/p>\n<p>&nbsp;<\/p>\n<p><img loading=\"lazy\" decoding=\"async\" class=\"mw-mmv-final-image jpg mw-mmv-dialog-is-open alignleft\" src=\"https:\/\/upload.wikimedia.org\/wikipedia\/commons\/thumb\/6\/6a\/Ballenberg_Logo.jpg\/1024px-Ballenberg_Logo.jpg\" alt=\"\" width=\"133\" height=\"89\" crossorigin=\"anonymous\" \/>Das Freilichtmuseum Ballenberg ist ein Freilichtmuseum in Hofstetten bei Brienz im Berner Oberland in der Schweiz.<\/p>\n<p><a href=\"https:\/\/www.ballenberg.ch\/de\/\" target=\"_blank\" rel=\"noopener noreferrer\">https:\/\/www.ballenberg.ch\/de\/<\/a><\/p>\n<p>&nbsp;<\/p>\n<p>&nbsp;<\/p>\n<p><a href=\"http:\/\/www.ballenbergkurse.ch\/\" target=\"_blank\" rel=\"noopener noreferrer\"><img data-recalc-dims=\"1\" loading=\"lazy\" decoding=\"async\" class=\"size-full wp-image-2263 alignleft\" src=\"https:\/\/i0.wp.com\/lichtfaden.ch\/wp-content\/uploads\/2020\/03\/Unbenannt.png?resize=212%2C99&#038;ssl=1\" alt=\"\" width=\"212\" height=\"99\" srcset=\"https:\/\/i0.wp.com\/lichtfaden.ch\/wp-content\/uploads\/2020\/03\/Unbenannt.png?w=212&amp;ssl=1 212w, https:\/\/i0.wp.com\/lichtfaden.ch\/wp-content\/uploads\/2020\/03\/Unbenannt.png?resize=150%2C70&amp;ssl=1 150w\" sizes=\"auto, (max-width: 212px) 100vw, 212px\" \/><\/a><\/p>\n<p>Kurse f\u00fcr historisches Handwerk, traditionelles Bauhandwerk und Gestaltung.<\/p>\n<p><a href=\"http:\/\/www.ballenbergkurse.ch\/\" target=\"_blank\" rel=\"noopener noreferrer\">http:\/\/www.ballenbergkurse.ch\/<\/a><\/p>\n<p>&nbsp;<\/p>\n<p>&nbsp;<\/p>\n<p>Dorfma<img data-recalc-dims=\"1\" loading=\"lazy\" decoding=\"async\" class=\" wp-image-2265 alignleft\" src=\"https:\/\/i0.wp.com\/lichtfaden.ch\/wp-content\/uploads\/2020\/03\/Unbenannt1.png?resize=72%2C91&#038;ssl=1\" alt=\"\" width=\"72\" height=\"91\" srcset=\"https:\/\/i0.wp.com\/lichtfaden.ch\/wp-content\/uploads\/2020\/03\/Unbenannt1.png?resize=238%2C300&amp;ssl=1 238w, https:\/\/i0.wp.com\/lichtfaden.ch\/wp-content\/uploads\/2020\/03\/Unbenannt1.png?resize=119%2C150&amp;ssl=1 119w, https:\/\/i0.wp.com\/lichtfaden.ch\/wp-content\/uploads\/2020\/03\/Unbenannt1.png?w=481&amp;ssl=1 481w\" sizes=\"auto, (max-width: 72px) 100vw, 72px\" \/>rkt in einer einmaligen und wundervollen Umgebung.<\/p>\n<p><a href=\"https:\/\/www.goettannermaert.ch\/\">\u00a0 https:\/\/www.goettannermaert.ch\/<\/a><\/p>\n<p>&nbsp;<\/p>\n<p>&nbsp;<\/p>\n<p><img loading=\"lazy\" decoding=\"async\" class=\"thumbimage alignleft\" src=\"https:\/\/upload.wikimedia.org\/wikipedia\/commons\/thumb\/5\/59\/Wolf-Dieter_Storl_Wikipedia.jpg\/220px-Wolf-Dieter_Storl_Wikipedia.jpg\" srcset=\"\/\/upload.wikimedia.org\/wikipedia\/commons\/thumb\/5\/59\/Wolf-Dieter_Storl_Wikipedia.jpg\/330px-Wolf-Dieter_Storl_Wikipedia.jpg 1.5x, \/\/upload.wikimedia.org\/wikipedia\/commons\/thumb\/5\/59\/Wolf-Dieter_Storl_Wikipedia.jpg\/440px-Wolf-Dieter_Storl_Wikipedia.jpg 2x\" alt=\"\" width=\"129\" height=\"154\" data-file-width=\"3126\" data-file-height=\"3744\" \/>Auf meiner Website lade ich euch ein, die Welt der Ethnobotanik und Ethnomedizin zu entdecken: den Wald, seine Heilpflanzen und essbaren Wildkr\u00e4uter, das nat\u00fcrliche G\u00e4rtnern und die Selbstversorgung, aber auch die Lebensweise und Spiritualit\u00e4t der Naturv\u00f6lker.<\/p>\n<p><a href=\"https:\/\/www.storl.de\/\" target=\"_blank\" rel=\"noopener noreferrer\">https:\/\/www.storl.de\/<\/a><\/p>\n<p>&nbsp;<\/p>\n<p>&nbsp;<\/p>\n<p class=\"page-subtitle\"><img data-recalc-dims=\"1\" loading=\"lazy\" decoding=\"async\" class=\"n3VNCb alignleft\" src=\"https:\/\/i0.wp.com\/www.welt.de\/img\/kultur\/mobile199772752\/5152506757-ci102l-w1024\/Kombo-Wohlleben-Waldsterben.jpg?resize=117%2C117&#038;ssl=1\" alt=\"Bildergebnis f\u00fcr PETER WOHLLEBEN\" width=\"117\" height=\"117\" data-noaft=\"1\" \/>Die Waldakademie von Peter Wohlleben: Erleben Sie zusammen mit dem Bestseller-Autor die Geheimnisse unserer W\u00e4lder.<\/p>\n<p><a href=\"https:\/\/www.wohllebens-waldakademie.de\" target=\"_blank\" rel=\"noopener noreferrer\">https:\/\/www.wohllebens-waldakademie.de<\/a><\/p>\n<p>&nbsp;<\/p>\n<p>&nbsp;<\/p>\n<p><strong>Trommelfrauen Weibratio<\/strong><img data-recalc-dims=\"1\" loading=\"lazy\" decoding=\"async\" class=\"attachment-large wp-image-651 alignleft\" src=\"https:\/\/i0.wp.com\/www.trommelfrauen.com\/wp-content\/uploads\/2022\/04\/A0229E98-4D71-4F84-AB29-8E0E76047E88-1024x767.jpg?resize=199%2C149&#038;ssl=1\" alt=\"\" width=\"199\" height=\"149\" \/><strong>ns<\/strong><\/p>\n<p>&nbsp;<\/p>\n<p>Ein Trommelkreis f\u00fcr Frauen. Getrommelt wird mit verschidenen Trommeln.<\/p>\n<p><a href=\"https:\/\/trommelfrauen.com\/\" target=\"_blank\" rel=\"noopener\">www.trommelfrauen.com<\/a><\/p>\n<p>&nbsp;<\/p>\n<p>&nbsp;<\/p>\n<p><img data-recalc-dims=\"1\" loading=\"lazy\" decoding=\"async\" class=\"wp-image-8581 alignleft\" src=\"https:\/\/i0.wp.com\/lichtfaden.ch\/wp-content\/uploads\/2024\/03\/Dakawo.png?resize=235%2C107&#038;ssl=1\" alt=\"\" width=\"235\" height=\"107\" srcset=\"https:\/\/i0.wp.com\/lichtfaden.ch\/wp-content\/uploads\/2024\/03\/Dakawo.png?w=263&amp;ssl=1 263w, https:\/\/i0.wp.com\/lichtfaden.ch\/wp-content\/uploads\/2024\/03\/Dakawo.png?resize=150%2C68&amp;ssl=1 150w, https:\/\/i0.wp.com\/lichtfaden.ch\/wp-content\/uploads\/2024\/03\/Dakawo.png?resize=132%2C60&amp;ssl=1 132w, https:\/\/i0.wp.com\/lichtfaden.ch\/wp-content\/uploads\/2024\/03\/Dakawo.png?resize=197%2C90&amp;ssl=1 197w\" sizes=\"auto, (max-width: 235px) 100vw, 235px\" \/><\/p>\n<p>Natur- und Wildnisschule Wolfisberg naturnahes Lernen &amp; Erleben<\/p>\n<p>&nbsp;<\/p>\n<p><a href=\"https:\/\/www.dakawo.ch\/\" target=\"_blank\" rel=\"noopener\">www.dakawo.ch<\/a><\/p>\n<p>&nbsp;<\/p>\n<p>&nbsp;<\/p>\n","protected":false},"excerpt":{"rendered":"<p>&nbsp; Reto Schl\u00e4ppi, ein Freund, ein Musikant, ein Mensch mit dem es viele tolle Momente im Leben gibt. &nbsp; https:\/\/www.alphorner.ch\/ &nbsp; &nbsp; &nbsp; Wir bieten biologische Lebensmittel und Kosmetik, viele vegane und glutenfreie Produkte, sch\u00f6ne Geschenkidee, regelm\u00e4ssig (ausser Montag) frisches Brot. https:\/\/www.purpur-interlaken.ch\/ &nbsp; Eingebettet in eine wundersch\u00f6ne Landschaft mit Blick&#8230;<\/p>\n<p> <a class=\"continue-reading-link\" href=\"https:\/\/lichtfaden.ch\/index.php\/links\/\"><span>Continue reading<\/span><i class=\"crycon-right-dir\"><\/i><\/a> <\/p>\n","protected":false},"author":1,"featured_media":0,"parent":0,"menu_order":0,"comment_status":"closed","ping_status":"closed","template":"","meta":{"footnotes":""},"class_list":["post-2127","page","type-page","status-publish","hentry"],"jetpack_sharing_enabled":true,"_links":{"self":[{"href":"https:\/\/lichtfaden.ch\/index.php\/wp-json\/wp\/v2\/pages\/2127","targetHints":{"allow":["GET"]}}],"collection":[{"href":"https:\/\/lichtfaden.ch\/index.php\/wp-json\/wp\/v2\/pages"}],"about":[{"href":"https:\/\/lichtfaden.ch\/index.php\/wp-json\/wp\/v2\/types\/page"}],"author":[{"embeddable":true,"href":"https:\/\/lichtfaden.ch\/index.php\/wp-json\/wp\/v2\/users\/1"}],"replies":[{"embeddable":true,"href":"https:\/\/lichtfaden.ch\/index.php\/wp-json\/wp\/v2\/comments?post=2127"}],"version-history":[{"count":18,"href":"https:\/\/lichtfaden.ch\/index.php\/wp-json\/wp\/v2\/pages\/2127\/revisions"}],"predecessor-version":[{"id":8733,"href":"https:\/\/lichtfaden.ch\/index.php\/wp-json\/wp\/v2\/pages\/2127\/revisions\/8733"}],"wp:attachment":[{"href":"https:\/\/lichtfaden.ch\/index.php\/wp-json\/wp\/v2\/media?parent=2127"}],"curies":[{"name":"wp","href":"https:\/\/api.w.org\/{rel}","templated":true}]}}

<p><img data-recalc-dims="1" decoding="async" id="cc-m-imagesubtitle-image-7837774386" class="alignleft" src="https://i0.wp.com/image.jimcdn.com/app/cms/image/transf/dimension%3D199x10000%3Aformat%3Dpng/path/sdcba91e9080d9bc6/image/i20552827132d95c6/version/1708338218/image.png?w=900&#038;ssl=1" alt="" data-src-width="599" data-src-height="600" data-src="https://image.jimcdn.com/app/cms/image/transf/dimension=199x10000:format=png/path/sdcba91e9080d9bc6/image/i20552827132d95c6/version/1708338218/image.png" data-image-id="5603563686" /></p>
<p>&nbsp;</p>
<p>Reto Schläppi, ein Freund, ein Musikant, ein Mensch mit dem es viele tolle Momente im Leben gibt.</p>
<p>&nbsp;</p>
<p><a href="https://www.alphorner.ch/" target="_blank" rel="noopener">https://www.alphorner.ch/</a></p>
<p>&nbsp;</p>
<p>&nbsp;</p>
<p>&nbsp;</p>
<p><img data-recalc-dims="1" loading="lazy" decoding="async" class="n3VNCb alignnone" src="https://i0.wp.com/image.jimcdn.com/app/cms/image/transf/dimension%3D870x10000%3Aformat%3Djpg/path/sd528fdfccef3dc62/image/i129e22675bd05427/version/1510257787/image.jpg?resize=839%2C177&#038;ssl=1" alt="Bildergebnis für purpur bioladen" width="839" height="177" data-noaft="1" /></p>
<p>Wir bieten biologische Lebensmittel und Kosmetik, viele vegane und glutenfreie Produkte, schöne Geschenkidee, regelmässig (ausser Montag) frisches Brot.</p>
<p><a href="https://www.purpur-interlaken.ch/" target="_blank" rel="noopener noreferrer">https://www.purpur-interlaken.ch/</a></p>
<p>&nbsp;</p>
<p><img data-recalc-dims="1" loading="lazy" decoding="async" class="size-medium wp-image-5136 alignleft" src="https://i0.wp.com/lichtfaden.ch/wp-content/uploads/2021/03/goldener-wind.png?resize=300%2C162&#038;ssl=1" alt="" width="300" height="162" srcset="https://i0.wp.com/lichtfaden.ch/wp-content/uploads/2021/03/goldener-wind.png?resize=300%2C162&amp;ssl=1 300w, https://i0.wp.com/lichtfaden.ch/wp-content/uploads/2021/03/goldener-wind.png?resize=150%2C81&amp;ssl=1 150w, https://i0.wp.com/lichtfaden.ch/wp-content/uploads/2021/03/goldener-wind.png?w=331&amp;ssl=1 331w" sizes="auto, (max-width: 300px) 100vw, 300px" />Eingebettet in eine wunderschöne Landschaft mit Blick auf Eiger, Mönch und Jungfrau, am Rande des alten Dorfkerns von Wilderswil, liegt die Villa Unspunnen. Ein Seminarhaus inmitten eines Parks mit mächtigen Bäumen, wo Stille und Begegnung im «Goldenen Wind» möglich ist.</p>
<p><a href="https://www.goldenerwind.ch/" target="_blank" rel="noopener noreferrer">https://www.goldenerwind.ch/</a></p>
<p>&nbsp;</p>
<p>&nbsp;</p>
<p><img loading="lazy" decoding="async" class="mw-mmv-final-image jpg mw-mmv-dialog-is-open alignleft" src="https://upload.wikimedia.org/wikipedia/commons/thumb/6/6a/Ballenberg_Logo.jpg/1024px-Ballenberg_Logo.jpg" alt="" width="133" height="89" crossorigin="anonymous" />Das Freilichtmuseum Ballenberg ist ein Freilichtmuseum in Hofstetten bei Brienz im Berner Oberland in der Schweiz.</p>
<p><a href="https://www.ballenberg.ch/de/" target="_blank" rel="noopener noreferrer">https://www.ballenberg.ch/de/</a></p>
<p>&nbsp;</p>
<p>&nbsp;</p>
<p><a href="http://www.ballenbergkurse.ch/" target="_blank" rel="noopener noreferrer"><img data-recalc-dims="1" loading="lazy" decoding="async" class="size-full wp-image-2263 alignleft" src="https://i0.wp.com/lichtfaden.ch/wp-content/uploads/2020/03/Unbenannt.png?resize=212%2C99&#038;ssl=1" alt="" width="212" height="99" srcset="https://i0.wp.com/lichtfaden.ch/wp-content/uploads/2020/03/Unbenannt.png?w=212&amp;ssl=1 212w, https://i0.wp.com/lichtfaden.ch/wp-content/uploads/2020/03/Unbenannt.png?resize=150%2C70&amp;ssl=1 150w" sizes="auto, (max-width: 212px) 100vw, 212px" /></a></p>
<p>Kurse für historisches Handwerk, traditionelles Bauhandwerk und Gestaltung.</p>
<p><a href="http://www.ballenbergkurse.ch/" target="_blank" rel="noopener noreferrer">http://www.ballenbergkurse.ch/</a></p>
<p>&nbsp;</p>
<p>&nbsp;</p>
<p>Dorfma<img data-recalc-dims="1" loading="lazy" decoding="async" class=" wp-image-2265 alignleft" src="https://i0.wp.com/lichtfaden.ch/wp-content/uploads/2020/03/Unbenannt1.png?resize=72%2C91&#038;ssl=1" alt="" width="72" height="91" srcset="https://i0.wp.com/lichtfaden.ch/wp-content/uploads/2020/03/Unbenannt1.png?resize=238%2C300&amp;ssl=1 238w, https://i0.wp.com/lichtfaden.ch/wp-content/uploads/2020/03/Unbenannt1.png?resize=119%2C150&amp;ssl=1 119w, https://i0.wp.com/lichtfaden.ch/wp-content/uploads/2020/03/Unbenannt1.png?w=481&amp;ssl=1 481w" sizes="auto, (max-width: 72px) 100vw, 72px" />rkt in einer einmaligen und wundervollen Umgebung.</p>
<p><a href="https://www.goettannermaert.ch/">  https://www.goettannermaert.ch/</a></p>
<p>&nbsp;</p>
<p>&nbsp;</p>
<p><img loading="lazy" decoding="async" class="thumbimage alignleft" src="https://upload.wikimedia.org/wikipedia/commons/thumb/5/59/Wolf-Dieter_Storl_Wikipedia.jpg/220px-Wolf-Dieter_Storl_Wikipedia.jpg" srcset="//upload.wikimedia.org/wikipedia/commons/thumb/5/59/Wolf-Dieter_Storl_Wikipedia.jpg/330px-Wolf-Dieter_Storl_Wikipedia.jpg 1.5x, //upload.wikimedia.org/wikipedia/commons/thumb/5/59/Wolf-Dieter_Storl_Wikipedia.jpg/440px-Wolf-Dieter_Storl_Wikipedia.jpg 2x" alt="" width="129" height="154" data-file-width="3126" data-file-height="3744" />Auf meiner Website lade ich euch ein, die Welt der Ethnobotanik und Ethnomedizin zu entdecken: den Wald, seine Heilpflanzen und essbaren Wildkräuter, das natürliche Gärtnern und die Selbstversorgung, aber auch die Lebensweise und Spiritualität der Naturvölker.</p>
<p><a href="https://www.storl.de/" target="_blank" rel="noopener noreferrer">https://www.storl.de/</a></p>
<p>&nbsp;</p>
<p>&nbsp;</p>
<p class="page-subtitle"><img data-recalc-dims="1" loading="lazy" decoding="async" class="n3VNCb alignleft" src="https://i0.wp.com/www.welt.de/img/kultur/mobile199772752/5152506757-ci102l-w1024/Kombo-Wohlleben-Waldsterben.jpg?resize=117%2C117&#038;ssl=1" alt="Bildergebnis für PETER WOHLLEBEN" width="117" height="117" data-noaft="1" />Die Waldakademie von Peter Wohlleben: Erleben Sie zusammen mit dem Bestseller-Autor die Geheimnisse unserer Wälder.</p>
<p><a href="https://www.wohllebens-waldakademie.de" target="_blank" rel="noopener noreferrer">https://www.wohllebens-waldakademie.de</a></p>
<p>&nbsp;</p>
<p>&nbsp;</p>
<p><strong>Trommelfrauen Weibratio</strong><img data-recalc-dims="1" loading="lazy" decoding="async" class="attachment-large wp-image-651 alignleft" src="https://i0.wp.com/www.trommelfrauen.com/wp-content/uploads/2022/04/A0229E98-4D71-4F84-AB29-8E0E76047E88-1024x767.jpg?resize=199%2C149&#038;ssl=1" alt="" width="199" height="149" /><strong>ns</strong></p>
<p>&nbsp;</p>
<p>Ein Trommelkreis für Frauen. Getrommelt wird mit verschidenen Trommeln.</p>
<p><a href="https://trommelfrauen.com/" target="_blank" rel="noopener">www.trommelfrauen.com</a></p>
<p>&nbsp;</p>
<p>&nbsp;</p>
<p><img data-recalc-dims="1" loading="lazy" decoding="async" class="wp-image-8581 alignleft" src="https://i0.wp.com/lichtfaden.ch/wp-content/uploads/2024/03/Dakawo.png?resize=235%2C107&#038;ssl=1" alt="" width="235" height="107" srcset="https://i0.wp.com/lichtfaden.ch/wp-content/uploads/2024/03/Dakawo.png?w=263&amp;ssl=1 263w, https://i0.wp.com/lichtfaden.ch/wp-content/uploads/2024/03/Dakawo.png?resize=150%2C68&amp;ssl=1 150w, https://i0.wp.com/lichtfaden.ch/wp-content/uploads/2024/03/Dakawo.png?resize=132%2C60&amp;ssl=1 132w, https://i0.wp.com/lichtfaden.ch/wp-content/uploads/2024/03/Dakawo.png?resize=197%2C90&amp;ssl=1 197w" sizes="auto, (max-width: 235px) 100vw, 235px" /></p>
<p>Natur- und Wildnisschule Wolfisberg naturnahes Lernen &amp; Erleben</p>
<p>&nbsp;</p>
<p><a href="https://www.dakawo.ch/" target="_blank" rel="noopener">www.dakawo.ch</a></p>
<p>&nbsp;</p>
<p>&nbsp;</p>

<p>&nbsp; Reto Schläppi, ein Freund, ein Musikant, ein Mensch mit dem es viele tolle Momente im Leben gibt. &nbsp; https://www.alphorner.ch/ &nbsp; &nbsp; &nbsp; Wir bieten biologische Lebensmittel und Kosmetik, viele vegane und glutenfreie Produkte, schöne Geschenkidee, regelmässig (ausser Montag) frisches Brot. https://www.purpur-interlaken.ch/ &nbsp; Eingebettet in eine wunderschöne Landschaft mit Blick&#8230;</p>
<p> <a class="continue-reading-link" href="https://lichtfaden.ch/index.php/links/"><span>Continue reading</span><i class="crycon-right-dir"></i></a> </p>
