{"id":1872,"date":"2020-03-02T21:32:19","date_gmt":"2020-03-02T20:32:19","guid":{"rendered":"https:\/\/lichtfaden.ch\/?page_id=1872"},"modified":"2021-03-11T15:08:21","modified_gmt":"2021-03-11T13:08:21","slug":"melanie-siegrist-fuchs","status":"publish","type":"page","link":"https:\/\/lichtfaden.ch\/index.php\/melanie-siegrist-fuchs\/","title":{"rendered":"Melanie Siegrist-Fuchs"},"content":{"rendered":"<p><img data-recalc-dims=\"1\" loading=\"lazy\" decoding=\"async\" class=\"size-medium wp-image-5108 alignleft\" src=\"https:\/\/i0.wp.com\/lichtfaden.ch\/wp-content\/uploads\/2021\/03\/photo_2021-03-11_14-06-54.jpg?resize=169%2C300&#038;ssl=1\" alt=\"\" width=\"169\" height=\"300\" srcset=\"https:\/\/i0.wp.com\/lichtfaden.ch\/wp-content\/uploads\/2021\/03\/photo_2021-03-11_14-06-54.jpg?resize=169%2C300&amp;ssl=1 169w, https:\/\/i0.wp.com\/lichtfaden.ch\/wp-content\/uploads\/2021\/03\/photo_2021-03-11_14-06-54.jpg?resize=600%2C1067&amp;ssl=1 600w, https:\/\/i0.wp.com\/lichtfaden.ch\/wp-content\/uploads\/2021\/03\/photo_2021-03-11_14-06-54.jpg?resize=576%2C1024&amp;ssl=1 576w, https:\/\/i0.wp.com\/lichtfaden.ch\/wp-content\/uploads\/2021\/03\/photo_2021-03-11_14-06-54.jpg?resize=84%2C150&amp;ssl=1 84w, https:\/\/i0.wp.com\/lichtfaden.ch\/wp-content\/uploads\/2021\/03\/photo_2021-03-11_14-06-54.jpg?w=720&amp;ssl=1 720w\" sizes=\"auto, (max-width: 169px) 100vw, 169px\" \/><\/p>\n<p>Ich habe nach meiner Verwaltungslehre in eine ganz andere Richtung die Ausbildung zur dipl. Waldp\u00e4dagogin gemacht, dieses Wissen dient mir vorallem bei der Projektarbeit im Outdoorbereit. Meine Ausbildung zur Dipl. Doula-Geburtstbegleiterin hilft mir bei der individuellen Begleitung von Menschen insbesondere der Begleitung von Frauen w\u00e4hrend der Schwangerschaft, w\u00e4hrend der Geburt oder der Zeit des Wochenbettes. Die Ausbildungszeit an der Kr\u00e4uterakademie Schweiz half mir mein intuitives Wissen auch in die \u201eTheoretische-Botanik\u201c auszuweiten. Und mein Fernstudium in Veganer Ern\u00e4hrungsberatung hilft mir meinem Gef\u00fchl f\u00fcr meine richtige Ern\u00e4hrungsweise ein wissenschaftliches Fundament zu geben um damit auch anderen Menschen beratend zur Seite stehen zu k\u00f6nnen.<\/p>\n<p>Grunds\u00e4tzlich war aber mein bisher sehr buntes Leben mein gr\u00f6sser Lehrer.<\/p>\n<p>Die meiste Zeit verbringe ich im Moment an der Seite unserer drei Kindern als Begleiterin auf ihrem Lernweg.<\/p>\n<p>Wir geniessen die gemeinsame Zeit, das gemeinsame Lernen, Forschen und Entdecken.<\/p>\n<p>Ich liebe die Natur und habe seit ich hier bin eine sehr enge Verbindung zu allen Wesen. Insbesondere zu den Pflanzenwesen. Ich teile gerne meinen reichen Schatz an Wissen \u00fcber diese zauberhaften Wesen und ihr Wirken f\u00fcr die Natur und uns Menschen. Salben und \u00d6le herzustellen ist f\u00fcr mich gleichsam Meditation wie das sammeln und trocknen oder das hegen und pflegen dieser Wesen. Ich liebe es einfach in der Natur zu sein, zu staunen, zu atmen und einfach zu SEIN.<\/p>\n<p><span style=\"font-family: Arial, sans-serif;\">Meine Aufgabengebiete bei Lichtfaden.ch liegen in den Rubriken:<\/span><\/p>\n<p><span style=\"font-family: Arial, sans-serif;\"><b><a href=\"https:\/\/lichtfaden.ch\/index.php\/homemade-homeschool\/\" target=\"_blank\" rel=\"noopener noreferrer\">Homemade Homeschool<\/a> \/ <a href=\"https:\/\/lichtfaden.ch\/index.php\/begleitwege\/\" target=\"_blank\" rel=\"noopener noreferrer\">Begleitwege<\/a> \/ <a href=\"https:\/\/lichtfaden.ch\/index.php\/aja-die-geschichte-aus-dem-wald\/\" target=\"_blank\" rel=\"noopener noreferrer\">Aja &#8211; Die Geschichte aus dem Wald<\/a> \/<a href=\"https:\/\/lichtfaden.ch\/index.php\/trommel-klang\/\" target=\"_blank\" rel=\"noopener noreferrer\"> Trommel-Klang<\/a> und <a href=\"https:\/\/lichtfaden.ch\/index.php\/tatanka-naturerlebnis\/\" target=\"_blank\" rel=\"noopener noreferrer\">Tatanka Naturerlebnis<\/a><\/b><\/span><\/p>\n<p>&nbsp;<\/p>\n","protected":false},"excerpt":{"rendered":"<p>Ich habe nach meiner Verwaltungslehre in eine ganz andere Richtung die Ausbildung zur dipl. Waldp\u00e4dagogin gemacht, dieses Wissen dient mir vorallem bei der Projektarbeit im Outdoorbereit. Meine Ausbildung zur Dipl. Doula-Geburtstbegleiterin hilft mir bei der individuellen Begleitung von Menschen insbesondere der Begleitung von Frauen w\u00e4hrend der Schwangerschaft, w\u00e4hrend der Geburt&#8230;<\/p>\n<p> <a class=\"continue-reading-link\" href=\"https:\/\/lichtfaden.ch\/index.php\/melanie-siegrist-fuchs\/\"><span>Continue reading<\/span><i class=\"crycon-right-dir\"><\/i><\/a> <\/p>\n","protected":false},"author":3,"featured_media":0,"parent":0,"menu_order":0,"comment_status":"closed","ping_status":"closed","template":"","meta":{"footnotes":""},"class_list":["post-1872","page","type-page","status-publish","hentry"],"jetpack_sharing_enabled":true,"_links":{"self":[{"href":"https:\/\/lichtfaden.ch\/index.php\/wp-json\/wp\/v2\/pages\/1872","targetHints":{"allow":["GET"]}}],"collection":[{"href":"https:\/\/lichtfaden.ch\/index.php\/wp-json\/wp\/v2\/pages"}],"about":[{"href":"https:\/\/lichtfaden.ch\/index.php\/wp-json\/wp\/v2\/types\/page"}],"author":[{"embeddable":true,"href":"https:\/\/lichtfaden.ch\/index.php\/wp-json\/wp\/v2\/users\/3"}],"replies":[{"embeddable":true,"href":"https:\/\/lichtfaden.ch\/index.php\/wp-json\/wp\/v2\/comments?post=1872"}],"version-history":[{"count":13,"href":"https:\/\/lichtfaden.ch\/index.php\/wp-json\/wp\/v2\/pages\/1872\/revisions"}],"predecessor-version":[{"id":5110,"href":"https:\/\/lichtfaden.ch\/index.php\/wp-json\/wp\/v2\/pages\/1872\/revisions\/5110"}],"wp:attachment":[{"href":"https:\/\/lichtfaden.ch\/index.php\/wp-json\/wp\/v2\/media?parent=1872"}],"curies":[{"name":"wp","href":"https:\/\/api.w.org\/{rel}","templated":true}]}}

<p><img data-recalc-dims="1" loading="lazy" decoding="async" class="size-medium wp-image-5108 alignleft" src="https://i0.wp.com/lichtfaden.ch/wp-content/uploads/2021/03/photo_2021-03-11_14-06-54.jpg?resize=169%2C300&#038;ssl=1" alt="" width="169" height="300" srcset="https://i0.wp.com/lichtfaden.ch/wp-content/uploads/2021/03/photo_2021-03-11_14-06-54.jpg?resize=169%2C300&amp;ssl=1 169w, https://i0.wp.com/lichtfaden.ch/wp-content/uploads/2021/03/photo_2021-03-11_14-06-54.jpg?resize=600%2C1067&amp;ssl=1 600w, https://i0.wp.com/lichtfaden.ch/wp-content/uploads/2021/03/photo_2021-03-11_14-06-54.jpg?resize=576%2C1024&amp;ssl=1 576w, https://i0.wp.com/lichtfaden.ch/wp-content/uploads/2021/03/photo_2021-03-11_14-06-54.jpg?resize=84%2C150&amp;ssl=1 84w, https://i0.wp.com/lichtfaden.ch/wp-content/uploads/2021/03/photo_2021-03-11_14-06-54.jpg?w=720&amp;ssl=1 720w" sizes="auto, (max-width: 169px) 100vw, 169px" /></p>
<p>Ich habe nach meiner Verwaltungslehre in eine ganz andere Richtung die Ausbildung zur dipl. Waldpädagogin gemacht, dieses Wissen dient mir vorallem bei der Projektarbeit im Outdoorbereit. Meine Ausbildung zur Dipl. Doula-Geburtstbegleiterin hilft mir bei der individuellen Begleitung von Menschen insbesondere der Begleitung von Frauen während der Schwangerschaft, während der Geburt oder der Zeit des Wochenbettes. Die Ausbildungszeit an der Kräuterakademie Schweiz half mir mein intuitives Wissen auch in die „Theoretische-Botanik“ auszuweiten. Und mein Fernstudium in Veganer Ernährungsberatung hilft mir meinem Gefühl für meine richtige Ernährungsweise ein wissenschaftliches Fundament zu geben um damit auch anderen Menschen beratend zur Seite stehen zu können.</p>
<p>Grundsätzlich war aber mein bisher sehr buntes Leben mein grösser Lehrer.</p>
<p>Die meiste Zeit verbringe ich im Moment an der Seite unserer drei Kindern als Begleiterin auf ihrem Lernweg.</p>
<p>Wir geniessen die gemeinsame Zeit, das gemeinsame Lernen, Forschen und Entdecken.</p>
<p>Ich liebe die Natur und habe seit ich hier bin eine sehr enge Verbindung zu allen Wesen. Insbesondere zu den Pflanzenwesen. Ich teile gerne meinen reichen Schatz an Wissen über diese zauberhaften Wesen und ihr Wirken für die Natur und uns Menschen. Salben und Öle herzustellen ist für mich gleichsam Meditation wie das sammeln und trocknen oder das hegen und pflegen dieser Wesen. Ich liebe es einfach in der Natur zu sein, zu staunen, zu atmen und einfach zu SEIN.</p>
<p><span style="font-family: Arial, sans-serif;">Meine Aufgabengebiete bei Lichtfaden.ch liegen in den Rubriken:</span></p>
<p><span style="font-family: Arial, sans-serif;"><b><a href="https://lichtfaden.ch/index.php/homemade-homeschool/" target="_blank" rel="noopener noreferrer">Homemade Homeschool</a> / <a href="https://lichtfaden.ch/index.php/begleitwege/" target="_blank" rel="noopener noreferrer">Begleitwege</a> / <a href="https://lichtfaden.ch/index.php/aja-die-geschichte-aus-dem-wald/" target="_blank" rel="noopener noreferrer">Aja &#8211; Die Geschichte aus dem Wald</a> /<a href="https://lichtfaden.ch/index.php/trommel-klang/" target="_blank" rel="noopener noreferrer"> Trommel-Klang</a> und <a href="https://lichtfaden.ch/index.php/tatanka-naturerlebnis/" target="_blank" rel="noopener noreferrer">Tatanka Naturerlebnis</a></b></span></p>
<p>&nbsp;</p>

<p>Ich habe nach meiner Verwaltungslehre in eine ganz andere Richtung die Ausbildung zur dipl. Waldpädagogin gemacht, dieses Wissen dient mir vorallem bei der Projektarbeit im Outdoorbereit. Meine Ausbildung zur Dipl. Doula-Geburtstbegleiterin hilft mir bei der individuellen Begleitung von Menschen insbesondere der Begleitung von Frauen während der Schwangerschaft, während der Geburt&#8230;</p>
<p> <a class="continue-reading-link" href="https://lichtfaden.ch/index.php/melanie-siegrist-fuchs/"><span>Continue reading</span><i class="crycon-right-dir"></i></a> </p>
